55
In base 9, what is -4480078 + -2?
-4480081
In base 14, what is 1 + 164c1?
164c2
In base 9, what is 18264 - -377?
18652
In base 4, what is 10 + 1201111110?
1201111120
In base 9, what is -38745 + -1?
-38746
In base 15, what is 4 + -15096?
-15092
In base 14, what is 12dd7 + -a?
12dcb
In base 14, what is -58 - 1bb?
-235
In base 4, what is 31201103 + 0?
31201103
In base 8, what is -1 - -2570335?
2570334
In base 14, what is -77a - 32a?
-aa6
In base 12, what is 5 + -35465?
-35460
In base 7, what is 1061530 - -5?
1061535
In base 10, what is -7891 - -5?
-7886
In base 13, what is -15a15 + 14?
-15a01
In base 3, what is 1 + 112212201?
112212202
In base 16, what is -3 - -11d9?
11d6
In base 7, what is -51 + -361?
-442
In base 12, what is -5255 - -20?
-5235
In base 15, what is -12cd76 + 4?
-12cd72
In base 8, what is -401 - -576?
175
In base 6, what is 5 + 20411554?
20412003
In base 11, what is -5357 + 1?
-5356
In base 4, what is 1032333 - 12202?
1020131
In base 15, what is 30d56 - -1?
30d57
In base 8, what is 0 + 43301?
43301
In base 13, what is b91a + -3?
b917
In base 14, what is -3 + -100620?
-100623
In base 8, what is -2 + 105172?
105170
In base 4, what is 231 + -12032330?
-12032033
In base 10, what is -12566 - -6?
-12560
In base 8, what is 13136 + -14?
13122
In base 11, what is -4 + -a76164?
-a76168
In base 15, what is -930 - 1b?
-94b
In base 12, what is 325a0 + 41?
32621
In base 15, what is -16 - -1551?
153a
In base 9, what is 1 - 201313?
-201312
In base 5, what is -23131032 - -10?
-23131022
In base 7, what is -4 - 2062413?
-2062420
In base 12, what is -2 - 42919?
-4291b
In base 16, what is 1 - -a2651?
a2652
In base 7, what is -14 - -11524?
11510
In base 7, what is 5 + 20625?
20633
In base 14, what is 16255 - 13?
16242
In base 16, what is -4 + -735?
-739
In base 13, what is -a20 + 6?
-a17
In base 12, what is -1209b5 + 5?
-1209b0
In base 11, what is 229911 + -3?
229909
In base 3, what is -102 - 20110102?
-20110211
In base 10, what is 53201 - 1?
53200
In base 9, what is -65 - 528?
-604
In base 5, what is 3423412 + 10?
3423422
In base 6, what is -5 + 225102?
225053
In base 5, what is -32231143 + 1?
-32231142
In base 2, what is -10 + -101111010110101110?
-101111010110110000
In base 4, what is -302 - 20011?
-20313
In base 8, what is 735073 + 0?
735073
In base 10, what is -71524 + -5?
-71529
In base 8, what is -7 - 6526?
-6535
In base 12, what is 87 + 8574?
863b
In base 4, what is 10 + -2011013211?
-2011013201
In base 2, what is -1101010000100011110 - 100?
-1101010000100100010
In base 15, what is 10484 + -4?
10480
In base 16, what is 13 - e65?
-e52
In base 8, what is 6502 + 3?
6505
In base 10, what is 53 - -2462?
2515
In base 5, what is 4322003 + 3?
4322011
In base 4, what is -1200122 + 1111?
-1133011
In base 14, what is 243bc + 5?
243c3
In base 2, what is 10111101 + 101101101?
1000101010
In base 7, what is 2 - 1241430?
-1241425
In base 4, what is -1102311 + 2222?
-1100023
In base 12, what is 0 + 57521?
57521
In base 10, what is -16830 - -2?
-16828
In base 10, what is -7676 + 1?
-7675
In base 16, what is 1434 + 1?
1435
In base 6, what is 2 - -12515005?
12515011
In base 2, what is -100011100011101 - -1?
-100011100011100
In base 14, what is 18d - 4b2?
-323
In base 5, what is 1314 - -141?
2010
In base 16, what is 704 + fe?
802
In base 14, what is -5 + 84ca2?
84c9b
In base 15, what is e2 - 28?
b9
In base 2, what is -100 - 100000011001001110?
-100000011001010010
In base 5, what is -3301441 - -3?
-3301433
In base 11, what is 724 - -a04?
1628
In base 4, what is 111313 - 2?
111311
In base 4, what is 0 + -12002333003?
-12002333003
In base 2, what is -100101111 + 1000110?
-11101001
In base 4, what is 12000 - 12011?
-11
In base 11, what is -a83 + -503?
-1486
In base 7, what is -63 - -35324?
35231
In base 7, what is -514 + -35633?
-36450
In base 4, what is -2 - 3213223?
-3213231
In base 8, what is -421 + 1331?
710
In base 7, what is -2641405 + -40?
-2641445
In base 14, what is -12411 + -4d?
-12460
In base 11, what is -36136 - -90?
-36056
In base 14, what is -3 + 124238?
124235
In base 4, what is -301 - 3122?
-10023
In base 3, what is 121012 - -2121?
200210
In base 11, what is 1a92a - 0?
1a92a
In base 8, what is -33 + 3517?
3464
In base 2, what is -111101001111101 - -11?
-111101001111010
In base 2, what is -11000111101001100 - -10?
-11000111101001010
In base 11, what is 25a4 + -11?
2593
In base 2, what is 1001110000111000 - -10000?
1001110001001000
In base 2, what is 1101001111000011110011 + -1?
1101001111000011110010
In base 11, what is 1 - -93a57?
93a58
In base 10, what is -5 - -47965?
47960
In base 10, what is -20 + -27430?
-27450
In base 3, what is -200202 - -11220?
-111212
In base 5, what is -2124202 - 122?
-2124324
In base 4, what is -10 + 1033021?
1033011
In base 3, what is -201 + -1100?
-2001
In base 10, what is 8701 + -4?
8697
In base 14, what is -85d1 + -3?
-85d4
In base 3, what is 1002101 + 2110?
1011211
In base 4, what is 0 + -120130?
-120130
In base 16, what is -f8f + 1b?
-f74
In base 3, what is -11101222121 - 0?
-11101222121
In base 5, what is 21 + 40243?
40314
In base 14, what is -46 + 46?
0
In base 4, what is 12021 + -321311?
-303230
In base 10, what is -13004 - 22?
-13026
In base 9, what is -25780 - 2?
-25782
In base 4, what is -12331211 + -233?
-12332110
In base 10, what is -3 + -47263?
-47266
In base 16, what is -139e + -b?
-13a9
In base 2, what is 101 - 100011100000001?
-100011011111100
In base 4, what is 20012 + 110123?
130201
In base 10, what is -73795 - -111?
-73684
In base 16, what is -14b179 - 0?
-14b179
In base 9, what is -4 - 10738?
-10743
In base 16, what is -491 + -3?
-494
In base 15, what is 190 - 2d6?
-146
In base 10, what is 5 - -4069?
4074
In base 9, what is 1 - 14545?
-14544
In base 12, what is -435 + a?
-427
In base 4, what is 131 - -21022232?
21023023
In base 14, what is 38 - -54c2?
551a
In base 11, what is 176402 - 2?
176400
In base 8, what is 1 + -16263?
-16262
In base 5, what is 21104032 + -2?
21104030
In base 5, what is 1 - 11214412?
-11214411
In base 8, what is 3 - -1135055?
1135060
In base 5, what is -4 - -43322044?
43322040
In base 7, what is 16 - -260?
306
In base 10, what is 2190 + 63?
2253
In base 11, what is -a564 + -294?
-a848
In base 14, what is 24033 + 0?
24033
In base 13, what is -388 - -29b?
-ba
In base 4, what is -102212031 + 21?
-102212010
In base 14, what is -6d - -1d?
-50
In base 14, what is 4 + 20c0b?
20c11
In base 2, what is -100 + -1010101010001101011?
-1010101010001101111
In base 16, what is 7 + -3f44?
-3f3d
In base 16, what is -34e + e4?
-26a
In base 4, what is 0 - 102300123?
-102300123
In base 7, what is -2 + -4452?
-4454
In base 8, what is -17242462 - -5?
-17242455
In base 9, what is -407 + 7458?
7051
In base 6, what is -4410 - 14215?
-23025
In base 2, what is 111101 + -10101100011000?
-10101011011011
In base 10, what is -77 + -4103?
-4180
In base 12, what is 101 - 4380?
-427b
In base 10, what is -89421 + -4?
-89425
In base 8, what is 7541 - -14?
7555
In base 6, what is 35130120 - -3?
35130123
In base 9, what is 5 - 161663?
-161657
In base 3, what is 12 + -100210121?
-100210102
In base 13, what is -16418 - -4?
-16414
In base 4, what is -103121103 + -10?
-103121113
In base 16, what is -10c + -bc?
-1c8
In base 10, what is 570 - 13?
557
In base 16, what is -b - 1bae?
-1bb9
In base 11, what is 5 - -21765?
2176a
In base 16, what is 3 - -318?
31b
In base 7, what is 152 - -25132?
25314
In base 16, what is -5e5 - 3?
-5e8
In base 15, what is -24e - -477?
228
In base 15, what is 377 + 4bc?
844
In base 2, what is 10 - 1010000110010111100?
-1010000110010111010
In base 11, what is -5 - 1801a4?
-1801a9
In base 2, what is 11 - -11100101000010010?
11100101000010101
In base 6, what is -2141 + 4254?
2113
In base 6, what is -122033 + -1?
-122034
In base 16, what is b64e - 9?
b645
In base 5, what is 0 + -202302?
-202302
In base 11, what is 2 - -686780?
686782
In base 4, what is -2030310 + -312?
-2031222
In base 15, what is -6e6d + -29?
-6e97
In base 15, what is -19 + -4619?
-4633
In base 3, what is 12122110220211 - 2?
12122110220202
In base 5, what is 13 + -3020022?
-3020004
In base 9, what is -2157 + -6?
-2164
In base 4, what is 1233320032 - 11?
1233320021
In base 4, what is -120 + -133230?
-200010
In base 5, what is 0 -